- 0.
4
What is -7 + (2 - -2) + 3 + 8?
8
Calculate (-1 - (-3 - 0)) + (-6 - 1).
-5
(3 - 1) + (3 - 3 - -2)
4
Evaluate -2 - (5 + -3 - 3).
-1
What is 7 + (-6 - (-1 - (6 + -5)))?
3
What is -1 + 4 + 2 + (-11 - -2)?
-4
What is the value of 0 - (-3 - (3 - 0))?
6
What is 3 + (3 - (2 - (-4 + 5)))?
5
What is -2 + -12 + 7 + 3 + -1?
-5
Calculate -5 + (-3 - (-5 + -5)) - 4.
-2
Evaluate 1 - 9 - (-18 - 3 - -12).
1
Calculate 58 + -60 + (2 - 5).
-5
(-5 + 3 - 0) + -2
-4
Calculate -3 - (-6 - (-3 - 5 - 0)).
-5
What is the value of -1 + 1 - (0 - 5)?
5
What is the value of (1 - -14) + -4 + -5?
6
Evaluate -12 - -10 - (-2 - 0).
0
106 + -98 + -16 + 1
-7
What is 7 - (2 - (-7 - -4))?
2
Calculate -4 - (4 + -8) - 7 - -4.
-3
What is -5 + 2 + (5 - -2)?
4
What is -8 + (-9 - -11) - -9?
3
What is the value of (101 - 91) + 1 + -3?
8
What is -1 - 3 - ((-7 - 0) + 4)?
-1
Calculate 2 + -2 + -5 - (-5 + 2).
-2
(5 - (-2 + 4)) + -1
2
Calculate 2 + -1 - 3 - (1 + -4).
1
Evaluate 1 + (-10 + 4 - 1) - -4.
-2
-1 - (-7 + 4 + 1 + 7)
-6
What is (2 - -1) + (0 - -8 - 17)?
-6
Evaluate 1 + (2 - (-4 - (-6 + -3))).
-2
What is -2 + 3 + -2 + -5 + 3?
-3
((-3 - 2) + 2 - 1) + 3
-1
Calculate 3 - 1 - (-5 - -13 - 3).
-3
What is the value of -5 + -3 + 9 - 1?
0
What is 4 + -1 + 5 - 3?
5
What is 0 + -18 + 9 + 0?
-9
What is the value of (-7 - -11) + (-1 - 0) + 3?
6
-4 + -10 + 6 + (-2 - -2)
-8
Calculate (-5 - -1) + (-9 - -13).
0
What is (-4 - -2) + 3 + 1?
2
What is -2 + -5 + 3 + 9?
5
Calculate -8 + (0 - -12 - (-3 - 1)).
8
What is 1 + -1 + 22 + -17 - 3?
2
Evaluate -40 - -35 - (-2 + 0 - 2).
-1
What is -6 - (5 - 6 - (2 - 0))?
-3
Calculate 2 - (8 - 1) - (6 + -10).
-1
What is 15 + -14 + -2 + -2 + 5?
2
Calculate 1 + 13 + (-6 + 7 - 7).
8
What is the value of (-1 - -4) + 24 + -28?
-1
Evaluate -13 - (-21 - (-1 + -11)).
-4
(7 - 10) + (-1 - -9)
5
Evaluate 1 + (4 + -1 + -7 - -3).
0
-3 + (3 - 1) + (5 - 8)
-4
What is the value of 50 + -57 + (1 - 0)?
-6
What is the value of 2 + 0 - (4 + -2 - 3)?
3
What is the value of -12 + 6 - (-3 + -8)?
5
What is -1 + 0 - (-3 + 3)?
-1
Calculate (1 - 7) + -2 + 6.
-2
What is -8 + (1 - (6 - 12))?
-1
Evaluate 1 - -8 - 4 - 2.
3
18 + -18 + 11 - 15
-4
-36 + 47 + (-8 - 2)
1
What is -7 + (5 - 4) + 2 + 0?
-4
Calculate -2 - (-1 + -1) - (-1 + -2).
3
Calculate 2 - 6 - (-9 - -3 - -2).
0
-1 + -3 + -1 + 3
-2
What is the value of 1 + 1 - (1 + -4 + 1)?
4
Evaluate (4 - 3) + (2 - 1).
2
What is the value of (-6 + 8 - 0) + 3?
5
What is -13 + (-6 - -9 - -12)?
2
Calculate -15 + 11 - (-3 + -1).
0
What is the value of (1 - (8 - 11)) + -1?
3
What is the value of -1 - (0 + 1) - (-737 + 726)?
9
Calculate 5 + -2 + 3 + -8.
-2
What is the value of 3 - ((7 - (-8 - -4)) + -3)?
-5
What is 7 - (-7 + (3 - -20) + 0)?
-9
Calculate 6 + 5 + -16 - (6 - 9).
-2
Evaluate -1 - (-9 - (2 - (2 - -4))).
4
What is -1 + 13 - 16 - -9?
5
What is -6 + (7 - 5) - -1?
-3
5 + (-12 + 3 + 4 - -8)
8
What is -1 - (-2 + 6 + -4)?
-1
What is 0 - 0 - (-1 + 9 + -4)?
-4
What is the value of (0 - (-4 - 0) - 3) + 7?
8
-2 - -8 - 7 - -3
2
What is the value of -4 - ((-3 - -3) + 0) - -1?
-3
What is the value of (-7 - (-10 + 3)) + 2 + -3?
-1
What is the value of -6 - 0 - (-8 + -3) - 0?
5
What is the value of -6 - (10 - 6) - -3 - 0?
-7
What is the value of 2 + 8 - (-5 + 10) - 2?
3
Calculate (2 - (6 - 2 - 4)) + 4.
6
What is -2 - (-1 - (-1 + 1))?
-1
Evaluate 8 - 8 - ((3 - 1) + 0).
-2
Evaluate -3 - 8 - (17 - 26).
-2
Evaluate 0 + 2 + -1 - 5.
-4
Calculate 1 - 0 - (-5 - (-14 - -1)).
-7
Evaluate (15 - (7 + 3)) + -5 + 3.
3
-5 + 3 - (-7 + (1 - 1))
5
Evaluate 0 - (0 - 2 - 3).
5
(5 - (-2 - (-7 + 4))) + 0
4
What is (72 - 65) + 0 + -14?
-7
Calculate (1 - 7) + -169 + 170.
-5
What is the value of (-4 - 0) + (-10 - -16) + -1?
1
Evaluate 3 + 0 - (2 - 5).
6
What is -14 - -7 - ((-2 - -1) + 0)?
-6
Evaluate (2 - -4) + (16 - 18).
4
Evaluate -8 - (-3 + 3 - 3).
-5
What is 0 + 1 + 4 + -5 + 2?
2
Calculate 0 + 1 - (4 + -1).
-2
What is (6 - 0) + 3 + (-6 - -2)?
5
-5 - (-1 + -1) - (11 + -18)
4
What is the value of 7 + (12 - 21 - 6)?
-8
Calculate -1 - (-7 + 10 + -13).
9
Evaluate 8 + (2 + 4 - 8) - 15.
-9
What is 3 - (-6 - -2) - 8?
-1
What is the value of (6 + 0 - 1) + -4?
1
What is -4 + (-47 - -46) + -5 + 1?
-9
What is the value of 3 + (-3 + 2 + 0 - -2)?
4
Calculate -5 - (5 - (5 - -1)).
-4
-2 + 4 - 0 - 7
-5
What is 5 + -7 + 9 + -5?
2
What is the value of (0 - ((-1 - -1) + 0)) + 0?
0
Evaluate (3 - -7) + (10 - 26).
-6
What is -4 + 2 + 1 + 6?
5
(13 - -3) + -11 + 0
5
What is (3 - -5 - 0) + 1 + -7?
2
What is -8 + (1 - (2 - 9))?
0
What is the value of -3 + (5 - 3 - -1)?
0
What is -5 + 4 - (-2 + 2)?
-1
What is (4 - 3) + (1 - -1)?
3
What is 2 - (-3 - (-1 + -7))?
-3
-8 - (-3 - 1 - -1)
-5
What is the value of -24 + 32 + -7 + -1?
0
Evaluate (1 - -1) + (2 - 1 - -1).
4
What is -3 - (1 - (0 + -1))?
-5
Calculate 3 - 4 - (-3 + 1).
1
Evaluate -9 + (-11 - -11) + (5 - 1).
-5
-6 + 3 + 6 + 1
4
What is 8 + -3 + 3 + -5?
3
Evaluate 20 + 0 - (-33 + 44).
9
5 + -1 + -4 + 4
4
What is the value of (3 - -4) + -3 + -4?
0
What is (-1 - 1) + 6 + -2 + -1?
1
Calculate -2 - -6 - 0 - (8 - -1).
-5
Evaluate 1 + (4 + 6 - 7).
4
(1 - -1) + -4 + 7
5
What is the value of 0 - 0 - (-12 + (14 - 8))?
6
Calculate 25 + -29 + 2 + -3.
-5
-9 + 13 + -7 + -7
-10
1 - -2 - -5 - (-13 + 15)
6
Calculate -4 - (-9 - (3 + -4)).
4
What is -19 + 23 - ((2 - 0) + 1)?
1
What is -2 + 9 + -1 + -1 + 0?
5
Calculate 3 - (4 - (0 + 4)).
3
What is the value of -3 - (6 - (9 - 4))?
-4
Calculate (2 - 2 - 0) + (8 - 13).
-5
What is the value of -7 + 6 + (-5 - -2)?
-4
What is (-6 - (-1 + -1)) + 4?
0
What is the value of -3 + (-3 - (6 + -3) - -7)?
-2
-2 - 6 - (16 - 21)
-3
Evaluate 0 + 0 - (-8 - -8).
0
Calculate -2 + (-5 - -9 - 9) + 3.
-4
10 + -10 + (-2 - 1)
-3
Evaluate -10 - -7 - -3 - (-6 + -1).
7
What is (84 - 89) + 0 + -1?
-6
Evaluate 0 + 4 - (-46 + 44).
6
4 - -1 - (-20 - -24)
1
Evaluate 3 - (-3 + 0 + 11).
-5
Calculate 1 - ((-2 - -8) + (1 - 2)).
-4
What is 9 - 1 - (104 - 100)?
4
(-4 - -1 - (-19 + 14)) + 1
3
Calculate (1 - -2) + -9 - -3 - -3.
0
What is the value of 27 - 25 - (1 + 2 - 2)?
1
What is (13 + -4 - 2 - 4) + 5?
8
What is -2 + 1 + -7 - (-4 - 0)?
-4
Calculate -3 + 6 + -8 + 8.
3
What is (22 - 12) + -12 + 6 + 1?
5
24 + -21 + 2 + -3
2
What is the value of 0 + (5 - -8 - 7)?
6
What is the value of (32 - 21) + (-1 - 1) + -1?
8
What is the value of 6 - (9 - (4 - (5 - 6)))?
2
What is the value of 0 - 1 - (-7 + 4 + 1)?
1
Evaluate 18 + -16 + 2 + 0 + -3.
1
Calculate 1 + 1 + -15 + 15.
2
-8 - (-8 - 4) - (-1 + 8)
-3
What is the value of (2 - 3) + (6 - 8)?
-3
Calculate -6 + ((0 - -3) + 2 - 2).
-3
What is the value of -15 + 20 - (0 + 2 + -1)?
4
8 + (7 - 7) + -4
4
-1 + -4 + 10 - 2 - 10
-7
Calculate -3 + 1 + -1 - (-21 + 19).
-1
What is the value of 10 + (12 - 24) - 5?
-7
Calculate (1 - (0 - 2)) + (-66 - -60).
-3
1 + (1 - -4) - 3
3
What is 1 - 8 - (7 + -4 + -2)?
-8
Evaluate 4 - ((-4 - -8) + 3 + -1).
-2
Evaluate (-3 + -1 - -6) + 3 + -2.
3
Calculate 8 + -11 + (1 - -1) - 2.
-3
What is the value of -138 + 143 - (0 + 6 - -2)?
-3
Evaluate 4 + 1 - (-29 - -37).
-3
Calculate (0 + 0 + -3 - 0) + 2.
-1
Calculate -18 + 12 + 0 - -10.
4
Evaluate -6 + 0 - -9 - 2 - 5.
-4
What is -5 - ((-4 - 1) + 4)?
-4
-2 - (-7 + 11 + -12)
6
Evaluate 5 + -1 + -18 + 16.
2
What is -2 + (-16 - (-6 + -4))?
-8
-4 + (-3 - -2 - -2)
-3
Evaluate (-6 - -10) + 1 + -10.
-5
What is the value of (1 - (-3 + 6)) + 5?
3
Calculate 1 - 5 - (1 - (-3 - -10)).
2
Evaluate 1 + -1 + 0 + 4 - 0.
4
5 - -1 - (-8 - -28 - 19)
5
What is the value of -6 + 19 - (-10 - -23)?
0
(0 - (-4 - -8)) + (-1 - -4)
-1
Evaluate 3 + -3 + 5 + -5.
0
Evaluate -1 + -1 - (-7 - -12).
-7
(3 - 2) + 4 - (-62 - -63)
4
Evaluate 2 + (8 + -5 - (-4 - -4)).
5
What is -5 + (8 + -1 - (-22 + 24))?
0
Evaluate 3 - 2 - 0 - -6.
7
Evaluate (-2 - (-5 + 1)) + -1.
1
What is the value of (1 - (0 + 4)) + (3 - 1)?
-1
Evaluate -1 + 8 + 24 + -26.
5
-7 + 7 - (0 - -4 - 3)
-1
Calculate (-2 - (-1 - 3)) + 1 - 0.
3
What is the value of 2 + (6 - (5 + 0))?
3
What is (-2 - (0 - 5)) + (-2 - 1)?
0
What is the value of (1 - -2) + (5 - (3 + 2))?
3
Evaluate 2 - (-1 + -4 + 4).
3
What is (54 - 43) + -1 + -13?
-3
Calculate -3 + (0 - 3) + 3.
-3
What is the value of -39 + 24 + (-4 - -12)?
-7
What is (3 - (3 + -3)) + 0 + 1?
4
Calculate (-5 - 1) + 5 - (-1 + -3).
3
Evaluate 2 - (3 + -4 + 9).
-6
Calculate -1 + (-3 - -1 - (